t is -4 - ee09?
-ee0d
In base 4, what is -21331020 - 110?
-21331130
In base 11, what is -42 - 1249?
-1290
In base 12, what is 8 + a2247?
a2253
In base 16, what is 0 - -6ed?
6ed
In base 8, what is 10 - -105715?
105725
In base 7, what is -4 - -40166?
40162
In base 3, what is 20220 + 2020201?
2111121
In base 12, what is a1 + -150b2?
-15011
In base 15, what is -11633b - 5?
-116341
In base 12, what is 1026 + -205?
a21
In base 16, what is 10 + -7d5c?
-7d4c
In base 15, what is -1b4a + -4?
-1b4e
In base 3, what is 110122200001 - -21?
110122200022
In base 8, what is -547542 + -1?
-547543
In base 15, what is -179d1 + -8?
-179d9
In base 7, what is 5 + 2025?
2033
In base 4, what is 203 - 132103?
-131300
In base 9, what is 77488 - 12?
77476
In base 8, what is -2276734 + 2?
-2276732
In base 13, what is -950 - -c?
-941
In base 7, what is 5 + -356261?
-356253
In base 11, what is 1466 - -12?
1478
In base 14, what is 4 + 924dc?
92502
In base 9, what is -54372 - 5?
-54377
In base 5, what is -322 + 23104?
22232
In base 3, what is 2011 - -21001022?
21010110
In base 16, what is 9fa1 + -d?
9f94
In base 4, what is -2 - -2023000?
2022332
In base 9, what is 7770 + 13?
7783
In base 16, what is 22d2be + -3?
22d2bb
In base 7, what is 16303 - -1165?
20501
In base 10, what is -189 + -492?
-681
In base 12, what is 5 + 2b25?
2b2a
In base 8, what is 1 + -302730?
-302727
In base 2, what is 101011001100111 - -10?
101011001101001
In base 4, what is -322022121 + 1?
-322022120
In base 11, what is -25680 + -3?
-25683
In base 6, what is 3 + 141200?
141203
In base 2, what is -111001011 - 1011000?
-1000100011
In base 2, what is -110 - 100010001110110?
-100010001111100
In base 8, what is -3 - 454006?
-454011
In base 10, what is 25 - -196?
221
In base 6, what is -340440 - -4?
-340432
In base 3, what is -110 + -10120100101?
-10120100211
In base 9, what is 757 + -1453?
-585
In base 2, what is -10110001010 + 10?
-10110001000
In base 7, what is -4 + 10056233?
10056226
In base 12, what is 53a + 55?
593
In base 7, what is -403 + -344?
-1050
In base 16, what is e6 + -136?
-50
In base 12, what is 19 - -1983?
19a0
In base 8, what is -142 + 33?
-107
In base 15, what is -4 + -157a2?
-157a6
In base 14, what is 1675 + -4?
1671
In base 10, what is 1 - 69633?
-69632
In base 8, what is 16 - -25012?
25030
In base 6, what is 14102054 + -2?
14102052
In base 16, what is 4301 + 3?
4304
In base 2, what is 1100011101110 - 10001?
1100011011101
In base 11, what is 65 + -469?
-404
In base 4, what is 1013 - -20011233?
20012312
In base 6, what is 1 + -240454?
-240453
In base 12, what is 4a022 - -1?
4a023
In base 11, what is -1715802 + -4?
-1715806
In base 10, what is 207187 - 2?
207185
In base 10, what is -1 + -105498?
-105499
In base 14, what is -220 - -484?
264
In base 12, what is 12a5 + 15?
12ba
In base 5, what is 1 - -432244?
432300
In base 16, what is 0 - f427?
-f427
In base 14, what is 1c0d3 + 2?
1c0d5
In base 4, what is 111 - 1211020?
-1210303
In base 9, what is -33 + -5046?
-5080
In base 13, what is 6153b + -3?
61538
In base 5, what is 44 + -134300?
-134201
In base 4, what is 233013 - 32?
232321
In base 16, what is -7f32 + 3?
-7f2f
In base 12, what is 10 - 713b?
-712b
In base 13, what is -3 - -9791?
978b
In base 15, what is -4 + 3138?
3134
In base 2, what is -10010000 - -1101001100?
1010111100
In base 12, what is -55a98 - -6?
-55a92
In base 2, what is -1110010 - -11010?
-1011000
In base 2, what is 10100100010011001 - 10?
10100100010010111
In base 7, what is 3 - -1142054?
1142060
In base 16, what is 42 - 379?
-337
In base 7, what is 43 + 15065?
15141
In base 2, what is 10000100 - 10001101011001?
-10001011010101
In base 16, what is cc1 + -6?
cbb
In base 16, what is 24 + -6b?
-47
In base 16, what is e1 - 1c6?
-e5
In base 13, what is -42bcc3 + 3?
-42bcc0
In base 11, what is 11 - 117009?
-116aa8
In base 14, what is 14 + 2654?
2668
In base 3, what is 102021022 + 1110?
102022202
In base 15, what is -282 - 32?
-2b4
In base 15, what is 197b22 + 5?
197b27
In base 16, what is 1617 - -33?
164a
In base 11, what is -190 + -1a2?
-382
In base 3, what is 201211 + -2122?
122012
In base 3, what is 211 + 11010101121?
11010102102
In base 4, what is 33130212 - 10?
33130202
In base 3, what is 21 + -1101100210010?
-1101100202212
In base 2, what is -100101 + 11000100001?
10111111100
In base 16, what is 2085 - -e?
2093
In base 14, what is -86632 - -3?
-8662d
In base 13, what is 26b239 - -2?
26b23b
In base 16, what is -6ec - -2?
-6ea
In base 10, what is -38014 + 56?
-37958
In base 8, what is 0 - -4714157?
4714157
In base 9, what is -10 - 15640?
-15650
In base 12, what is -1823785 - -4?
-1823781
In base 3, what is 2102111210 + 11?
2102111221
In base 16, what is 2 + 8551?
8553
In base 16, what is 5 - 440c?
-4407
In base 3, what is -10122 + -120101?
-201000
In base 2, what is 1001 - 11001011001?
-11001010000
In base 13, what is -117243 + -5?
-117248
In base 4, what is 2021110 - 1011?
2020033
In base 8, what is -2 + -24625?
-24627
In base 6, what is 11350130 + -3?
11350123
In base 3, what is -12 - -1200202021022?
1200202021010
In base 4, what is 3 + 230201013?
230201022
In base 3, what is 110022 - 12012010?
-11201211
In base 6, what is 43 - -1251325?
1251412
In base 9, what is 4320743 + 1?
4320744
In base 2, what is 0 - -101111000001000?
101111000001000
In base 8, what is 51115 + -7?
51106
In base 2, what is 10000 + -101010101?
-101000101
In base 11, what is -1569158 + 1?
-1569157
In base 8, what is -257 + -257?
-536
In base 16, what is 8f63 + 2?
8f65
In base 8, what is -22132 + -11?
-22143
In base 7, what is 23 + -2450?
-2424
In base 5, what is -1323333 - -3?
-1323330
In base 5, what is -31 + -1021?
-1102
In base 5, what is 311310 - 14?
311241
In base 9, what is 1177 + 1307?
2485
In base 7, what is 3 - 161?
-155
In base 12, what is -12 + aaa5?
aa93
In base 12, what is a78 + a44?
1900
In base 4, what is 1201032113 + 10?
1201032123
In base 3, what is 1120020121 + 1?
1120020122
In base 2, what is 100 - 100101110100010101?
-100101110100010001
In base 6, what is 3 + -1415431?
-1415424
In base 15, what is -70e65 + -5?
-70e6a
In base 12, what is -44081 + -1?
-44082
In base 8, what is -1734041 + -4?
-1734045
In base 3, what is -1122200020 + 12?
-1122200001
In base 7, what is 36 + 560166?
560235
In base 12, what is 4 - 8b83?
-8b7b
In base 16, what is -2914b - -3?
-29148
In base 5, what is 222 - -3043?
3320
In base 12, what is 21a14 - 1?
21a13
In base 2, what is -1001 - -111100?
110011
In base 4, what is -131231 + -30?
-131321
In base 12, what is -a - b8?
-106
In base 11, what is -11046 + 4?
-11042
In base 12, what is -37 + 2995?
295a
In base 12, what is -3900aa - -2?
-3900a8
In base 9, what is 443 + -3?
440
In base 11, what is -36 + 2230?
21a5
In base 15, what is -6 - -4591?
458a
In base 4, what is -131 + -1002302?
-1003033
In base 12, what is -a092 + -21?
-a0b3
In base 6, what is 313220 + -2?
313214
In base 13, what is 19 - -55c2?
560b
In base 8, what is 2 - 2427660?
-2427656
In base 2, what is 1111001011010000 - -10?
1111001011010010
In base 10, what is 772 - 659?
113
In base 7, what is -3 - -16146001?
16145665
In base 7, what is 1 - -402232?
402233
In base 5, what is 124 + -13000443?
-13000314
In base 4, what is 233 - -1313011?
1313310
In base 15, what is 1193 - 37?
115b
In base 10, what is -65 - -6423?
6358
In base 16, what is 295 + 91?
326
In base 8, what is -11736 - 1661?
-13617
In base 8, what is -54 + 4552?
4476
In base 7, what is -424234 - 30?
-424264
In base 5, what is -4124114 - 2?
-4124121
In base 5, what is 1 + 2134441?
2134442
In base 9, what is -1175 - 215?
-1401
In base 6, what is -5 + 103101?
103052
In base 15, what is 69 - 530?
-4b6
In base 13, what is 0 - 63bb?
-63bb
In base 6, what is 0 - 135510?
-135510
In base 7, what is 1406323 - 0?
1406323
In base 9, what is 2427 - -310?
2737
In base 11, what is 3a783 - -5?
3a788
In base 15, what is 338d - -8?
3396
In base 6, what is 131324 - -431?
132155
In base 16, what is -af - 43b?
-4ea
In base 10, what is 450745 + 5?
450750
In base 11, what is -8 - 18a47?
-18a54
In base 16, what is -b4 - -3d84?
3cd0
In base 12, what is -4 + 5538b9?
5538b5
In base 4, what is -31 - 31231?
-31322
In base 10, what is 853 + -21?
832
In base 13, what is 2 - -12601?
12603
In base 2, what is -1111 + 101